)) + 1.
0
Evaluate (-3 - -5) + (4 + -9 - 2).
-5
Calculate -6 - (-31 + 23 - (-1 - 6)).
-5
Evaluate 1 + (-1 - (0 + -3)).
3
What is 11 + -16 - (5 + -16)?
6
Evaluate -5 + 3 - (6 + -6 - -1).
-3
Evaluate -6 + 1 + (8 + -10 - -6).
-1
Evaluate -5 - (1 + -2 + 6 - 5).
-5
What is (-2 - -5) + -7 + 2?
-2
Calculate (-3 - (1 + -1)) + (5 - 7).
-5
Calculate 2 - ((-7 - -2) + 1) - 1.
5
Calculate -16 + (10 - 8) - -9.
-5
-5 - (-6 + (3 - 0) - 3)
1
Evaluate -4 - -2 - (1 + -1 - 9).
7
Calculate -3 - (-4 + 2 + -2).
1
Evaluate 5 + 1 + -2 + -1.
3
-1 - (-6 - (-3 - 1))
1
Calculate (-8 - -3) + 4 - 0.
-1
Evaluate -1 + 1 + -4 + 8.
4
What is the value of -14 - -32 - (-8 - -22)?
4
What is the value of 1 + -2 + (1 - -3) + -1?
2
5 + -1 + (-5 - (-3 + 0))
2
-7 - -7 - (-2 + -1 - 1)
4
Evaluate 2 - ((0 - 1 - -2) + 3).
-2
Calculate 4 - ((-7 - -3) + 9) - -2.
1
What is 0 + -1 + -2 - 3 - -1?
-5
Calculate (0 - 10) + (18 - 14).
-6
What is the value of 11 + -7 + (0 - 9)?
-5
Calculate 13 + -9 - (5 - -2).
-3
What is the value of -11 - (-12 + -10) - 7?
4
What is the value of 0 - (-1 + 11 - 8)?
-2
What is the value of 4 + 2 + -7 + (-8 - -7)?
-2
-13 - (-4 - 6) - -11
8
What is -12 + 0 + (3 - -5)?
-4
Calculate (2 - -6) + -5 + 2.
5
What is the value of 0 - (-4 - 0 - (-21 + 15))?
-2
What is the value of 2 - (7 - (2 + -1 + 1))?
-3
Evaluate (8 - (5 + 0)) + -8.
-5
What is the value of 1 + -5 + 1 + (-1 - 1)?
-5
What is 9 - 6 - -6 - 4 - 14?
-9
Calculate -242 + 242 - (-11 + -2 - -2).
11
Calculate -13 - -3 - (-20 + 10).
0
Evaluate (0 - 3) + 29 + -26 - -10.
10
Evaluate -1 - (-1 + (3 - 1)).
-2
What is 6 - ((4 - 11) + 12)?
1
What is 1 - 2 - (18 + -19)?
0
Evaluate -9 + (2 + -2 - -18) + -9.
0
What is the value of (-9 + 2 - (-2 - 1)) + 4?
0
What is -5 + 5 + -1 + 0?
-1
What is 3 - (3 + -6 - -3)?
3
2 + 0 - (31 + -25)
-4
What is the value of 1 + 14 + -27 + 22?
10
0 - (3 - 5 - -2)
0
Evaluate -4 + -1 - -3 - -3.
1
What is the value of -3 + -2 + 6 + -6?
-5
Evaluate 4 + (-5 - -3 - 0).
2
(-7 - -1) + 4 - 2
-4
-2 + -1 - (-4 + 8 - 3)
-4
What is the value of -9 - -7 - (2 + -10)?
6
Calculate -4 + 8 + -11 + 0.
-7
Calculate 5 + 5 + -8 + 4.
6
Calculate 24 + (7 - 17) - 4.
10
What is the value of 1 - 3 - (1 + 1)?
-4
Calculate (-15 - -3) + 41 + -28.
1
Evaluate (-12 - -1) + (17 - 2).
4
What is the value of 16 + -4 + -9 - 1?
2
What is -3 + (3 - (3 - 9)) + -9?
-3
What is -5 + (-2 - -13) + -2?
4
What is 2 + -8 - -14 - (2 + 2)?
4
What is the value of (-8 - (4 + -17 - -6)) + 3?
2
Calculate 0 + 1 + -2 + -4.
-5
What is 3 - ((-5 - 3) + 3 + 12)?
-4
What is -1 + 1 + -1 + -1 - -4?
2
16 + -23 - (-2 + -3)
-2
What is the value of (8 - -2) + (30 - 42)?
-2
3 + (8 - -5) - 5 - 5
6
What is 3 - (-5 + -1) - 5?
4
-21 + 9 - -2 - -9
-1
0 - (-2 + 2 + -2) - 5
-3
2 + -34 + 20 + (1 - -4)
-7
Calculate 10 + -4 + 2 + -5.
3
What is 3 + 12 + -7 - (1 + 4)?
3
Evaluate -1 + -1 + -1 + (-6 - -11).
2
Calculate -2 + (-2 + 2 - -5) - 3.
0
What is -17 + 17 + (3 - 1)?
2
Calculate -4 + 1 - (4 + -10) - 7.
-4
What is the value of 6 + -2 + 12 + -24?
-8
Calculate -1 + -7 + 4 + 5 + -1.
0
(-11 - 7) + 11 + 12
5
What is 2 + -3 - (-3 + 4)?
-2
Calculate 1 - -16 - (-16 - -27).
6
Calculate (5 - (-5 + 9)) + 4.
5
What is the value of -1 - 0 - (-9 - -9)?
-1
What is -3 - (4 + (-5 - -2) - 9)?
5
Evaluate -23 + (-8 - -13 - -9).
-9
What is the value of -4 - -3 - (-6 - -6)?
-1
What is 2 - -5 - (0 + 3)?
4
Evaluate 2 + 3 - (5 - 8).
8
(-2 - (-7 - -3)) + (-1 - -1)
2
Calculate -5 + (3 - 4) - -2.
-4
Calculate 2 + 15 - 10 - 0.
7
What is the value of 55 - 61 - (0 + -1)?
-5
What is 12 - 15 - (-7 - 0)?
4
What is the value of 1 - -6 - (-13 - -15) - 1?
4
Calculate -1 + 5 - (7 + -8 + 2).
3
What is (-19 - -21) + -2 + 5?
5
3 + 0 + 3 + (-3 - 1)
2
Evaluate 2 + (3 - (-3 + 7)).
1
What is the value of 1 - 0 - (-8 - -11)?
-2
Calculate (5 + -5 - (-10 - -3)) + -2.
5
Calculate -2 + (-2 - -2) - 0.
-2
0 + -3 + 0 + -1
-4
6 - 4 - 3 - (-3 + 0)
2
Evaluate -2 - (4 + -1) - -1 - -2.
-2
Evaluate 7 + 3 + (13 - 20).
3
8 - (6 - -2 - 5)
5
What is the value of -1 + 7 + (1 - 0) + -3?
4
Calculate -1 - (11 + -5) - (-12 - -2).
3
-19 - (-23 - (-24 - -13))
-7
(4 + -2 - 5) + (-8 - -8)
-3
What is the value of (-2 - -1) + (0 - (-6 - -4))?
1
What is 0 + 7 + (2 - 8)?
1
Calculate 15 + -8 - 7 - (-6 + 0).
6
Evaluate (0 - -1) + -7 + 1.
-5
Evaluate (-5 - -4 - 2) + -1.
-4
What is -3 - -5 - 3 - -2?
1
Evaluate 4 + -2 + 4 + -1.
5
Calculate -3 - (-10 - (1 + -5) - -2).
1
-2 + 2 + -3 - -2
-1
Calculate -2 + 6 + -10 + 1.
-5
-4 + 1 + (5 - -2)
4
What is the value of 2 - (3 + 1 + (1 - 6))?
3
4 - (12 + -19 + 14)
-3
Evaluate -1 + -1 - (1 + 2).
-5
What is the value of -5 - (-12 + 8 + -2)?
1
What is 1 + 7 + -3 + -2?
3
What is (5 - 0) + 5 - 8?
2
What is the value of (-2 - -1 - 5) + (1 - 0)?
-5
Calculate (-1 - -4 - -1) + (0 - 5).
-1
(-7 - 0 - -5) + (6 - -2)
6
What is -13 + -1 + 12 - 4?
-6
1 + -8 + 0 + 4
-3
Evaluate 0 - (-2 - -4) - 0.
-2
What is -4 + (-1 - 2) - -3?
-4
Calculate 6 - (2 + 3 + -4).
5
Calculate 1 - (-4 + 7 - 0).
-2
Evaluate 1 + (1 + 1 - (14 - 9)).
-2
Calculate 2 - (-9 + (6 - -8)).
-3
Calculate -3 - (1 + 3 - 1).
-6
0 - ((0 - (3 - 1)) + -1)
3
Evaluate (10 - 16) + 0 + 13.
7
Calculate -12 - (-9 + 7 + -3).
-7
2 - (-2 + 2 + -2)
4
What is -4 + 7 - 4 - (-4 - -5)?
-2
What is (0 - (1 - 9)) + -5?
3
What is the value of (0 - 6 - -2) + 4 + -5?
-5
Evaluate 4 + 3 + (2 - (5 - 0)).
4
What is the value of 3 + (3 - 5) - -1?
2
What is 2 + (-7 - -4 - (-1 + -1))?
1
What is the value of 2 + 5 + -5 + 0?
2
What is -3 - (10 + -16) - 8?
-5
Evaluate 5 + -4 + -7 + 11.
5
Evaluate -5 + 2 - (4 + 0 + -3).
-4
What is 0 - -6 - (47 + -40) - -9?
8
Evaluate (-7 - (5 + -16)) + 1.
5
Calculate ((3 - 3) + -3 - 0) + 3.
0
(-4 - -1) + (36 - 35)
-2
(-2 - (6 - 6)) + 4
2
Evaluate -5 - (-8 + 5 + -6).
4
Evaluate -5 + (1 - 1) - (-6 + 2).
-1
What is the value of -3 - -2 - (6 - 11)?
4
3 - (2 - (3 - 8))
-4
Calculate 214 + -221 - (1 - (-1 + 1)).
-8
What is -53 - -59 - (0 - -2)?
4
Evaluate (10 - 2) + -1 + -4.
3
(-6 - -3) + 2 + 1 + -2
-2
What is the value of (-9 + -3 - -4) + (5 - 1)?
-4
What is (-4 - (3 + -3 - 1)) + 4?
1
What is -3 + 13 + (-10 - -6)?
6
What is the value of (-16 - -4 - -9) + -2 + 3?
-2
What is the value of (-15 - -21) + (1 - 9) - -3?
1
What is the value of -1 - (-1 + (3 - (0 + 1)))?
-2
-12 - -23 - (9 + (-5 - -2))
5
Evaluate -2 - (4 + (2 - (1 - -2))).
-5
(-3 - (-2 + 1)) + 3
1
What is the value of 4 - -6 - (7 - (-5 + 9))?
7
Evaluate -2 + -6 + 3 - -9.
4
1 + 1 + 0 + -6
-4
Calculate 5 - (-5 - -2) - 6.
2
Calculate 17 + -14 + -5 + -1.
-3
Calculate 23 + -28 - (-3 - -1 - 0).
-3
-3 - (4 - -1 - 5)
-3
Calculate 6 - (-1 - (-10 - -4)).
1
(3 - 1) + (-2 - 2)
-2
Evaluate 5 - (-8 - (-19 + 2)).
-4
Calculate (5 - 3) + (-2 - 1) - 2.
-3
-8 - (8 + -15 - 7)
6
Calculate 7 - (-1 + 12 - 0).
-4
Calculate -25 + 1 + 13 + 13.
2
(29 - 29) + -1 + 1 + 5
5
Calculate (-25 - -27) + (1 - (1 - 0)).
2
What is -21 + 23 - (1 + 1 - 0)?
0
What is the value of 1 + -4 + 7 - 4?
0
What is the value of -4 + -3 + -4 + (1 - -3)?
-7
Evaluate 12 - (11 - 9 - (4 - 9)).
5
Evaluate -20 - (-10 - (0 - 0)).
-10
4 + 3 + -8 + (-1 - -4)
2
Calculate -12 - -7 - (-1 + 1 - 4).
-1
What is the value of 4 - (1 + -3 + 12)?
-6
4 - (2 - 0 - (9 - 10))
1
3 + 1 + (166 - 180)
-10
What is 284 + -277 + 0 + -1 + -6?
0
Calculate 7 - (-6 + 5) - (0 + 4).
4
Evaluate -7 + 0 + 2 - -3.
-2
Evaluate 1 + (4 - 2) + 0.
3
11 - (2 + 20) - (0 + -2)
-9
Calculate 4 + (-23 - (8 - 19)).
-8
9 + -15 + 0 + 4
-2
(1 - (0 + -3)) + 7 + -5
6
Evaluate 3 + (-1 - -1) - 2.
1
Calculate (2 - -8) + 12 + -18 - 2.
2
Evaluate 10 + -11 + 4 + 0.
3
Calculate 0 + 8 - (-12 + 16) - 3.
1
What is the value of -5 - (-5 + 12 + -7)?
-5
What is the value of 1 + -1 - (-5 + -2 + 5)?
2
What is the value of 1 + (-3 - (-5 - -5)) + -1?
-3
7 - (8 + -16 + 26)
-11
What is the value of 0 + 3 - (12 + -7)?
-2
-4 + -1 + 8 + -1
2
What is 4 - ((1 - -1) + (4 - 3))?
1
Calculate (-3 - 7) + (6 - (-1 - -5)).
-8
What is the value of 10 + (-1 - (7 + -4)) - 3?
3
What is the value of 23 + -21 - (-2 - -1)?
3
What is the value of 5 + -6 - (1 - 6)?
4
What is the value of (3 - (-4 + 10)) + (3 - 0)?
0
What is the value of (1 - 4) + -3 + 2 + 2?
-2
-1 + -2 + 1 + 1
-1
Evaluate 7 + 2 + (-5 - -1).
5
What is the value of (-12 - -22) + -6 - (10 + -1)?
-5
Calculate (-5 - 1) + 5 + -3.
-4
What is (4 - 6) + (9 + -2 - 3)?
2
Calculate 2 + (3 + -7 - 2).
-4
4 - (3